5*h + 2*i - 170. Let a = 41 + h. Calculate the remainder when 51 is divided by a.
15
Let z = 232 - 211. Calculate the remainder when 251 is divided by z.
20
Suppose 4*z - 7*z + 80 = -4*r, -z + 14 = 5*r. Calculate the remainder when 128 is divided by z.
8
Let u(n) = -n**2 - 5*n - 2. Let w be u(5). Let q = -38 - w. Calculate the remainder when q is divided by 4.
2
Let n be (-22)/6*(0 - -3)*-9. Suppose -n = -14*g + 41. Calculate the remainder when 17 is divided by g.
7
Let g(o) = -o**3 - 36*o**2 - 70*o - 59. What is the remainder when 70 is divided by g(-34)?
7
Suppose 3*d - d - 304 = 0. Suppose 3*z + 5*k - d = 0, -2*z + 4*k = -k - 143. What is the remainder when z is divided by 12?
11
Suppose 2*f - 4*k = 64, -f + 4*k = -k - 35. What is the remainder when 239 is divided by f?
29
Let t(w) = -2*w - 4*w - 10 + 2*w + 5. Let l be t(-12). Let k = l - 16. Calculate the remainder when k is divided by 15.
12
Let f(d) = d**2 - 2*d - 12. Let u be f(-3). Calculate the remainder when 33 is divided by -14*u*6/(-18).
5
Suppose 312*l - 324*l = -1764. What is the remainder when l is divided by 27?
12
What is the remainder when 78 is divided by ((-6)/(-63)*-6)/(3/(-42))?
6
What is the remainder when 56 + 2/(-2) - -7 is divided by 15?
2
Let s = -7 + 28. Let c(p) = p**2 + 3*p - 7. Let q be c(-5). Let l = s - q. Calculate the remainder when l is divided by 5.
3
Let s = 12 - 5. Suppose -3*b = -2*b - 18. Let k = b + -7. What is the remainder when k is divided by s?
4
Suppose 7*k = -0*k + 581. What is the remainder when 411 is divided by k?
79
Let u(r) = -r**2 - 13*r - 19. Let h be u(-11). Suppose -4*p - 2*z = -0*z - 70, 45 = h*p - z. What is the remainder when 78 is divided by p?
14
Let u = 62 + -31. Calculate the remainder when 55 is divided by u.
24
Let t = 59 - 59. Suppose t = 4*v + w - 94, -v + 5 + 17 = w. What is the remainder when 117 is divided by v?
21
Let r(l) = -l**3 - 12*l**2 - 29*l - 55. What is the remainder when r(-13) is divided by 12?
11
Let y(g) = -6*g + 6. Let s(c) = c - 11. Let b be s(6). Let t be y(b). Suppose 3*z = t + 15. Calculate the remainder when 32 is divided by z.
15
Suppose 3*x + 338 = 29*x. What is the remainder when 174 is divided by x?
5
Suppose 9*b + 20*b - 1218 = 0. Calculate the remainder when 159 is divided by b.
33
Let m = 49 + 90. Suppose -u + 6*u = i + m, 4*i + 136 = 5*u. What is the remainder when u is divided by -1*((-155)/15 + (-2)/(-6))?
8
Let j = -63 + 99. Suppose 10*x - 51*x = 5*x - 920. What is the remainder when j is divided by x?
16
Let a be (-61)/((5/20)/((-1)/4)). Let t = a + -55. What is the remainder when 61/7 - 2/(-7) is divided by t?
3
Suppose -k - 19 + 636 = t, 2*t - 618 = -k. Suppose 12*q - 296 = k. Let h = -25 + 51. Calculate the remainder when q is divided by h.
24
Let z(v) = -v**3 + 8*v**2 + 2*v - 7. Let a be z(8). Suppose -5*o = -5, j + 2*o - 11 - a = 0. What is the remainder when 141 is divided by j?
15
Let o(p) = 25*p - 1. Let s be o(1). Let f = -20 + s. Calculate the remainder when 5 is divided by f.
1
Let w(c) = 5*c**2 - 6*c. Let n be w(6). Suppose 30 = -6*g + n. What is the remainder when g is divided by 12?
7
Let n(d) = d**2 + 14*d - 4. Let h = -54 - -39. What is the remainder when 32 is divided by n(h)?
10
Let u(a) = -a**2 + a + 2. Let w be u(3). Let z be w/22 - (-168)/(-44). Calculate the remainder when 2*z/12*-15 is divided by 3.
1
Suppose 4*j + 176 = -4*k + 512, 2*k = 5*j + 133. What is the remainder when k is divided by (81/(-6))/(4 - (-45)/(-10))?
25
What is the remainder when 67 is divided by (-102)/153 - 226/(-6)?
30
Let j(r) = -r**3 + 13*r**2 + 3*r - 17. Suppose 5*f = 15, 5*f - 17 = -3*m + 37. What is the remainder when 87 is divided by j(m)?
21
Let l = 6 + -4. Suppose -5*p = -4*n + n + 26, p + 29 = l*n. Calculate the remainder when n is divided by 5.
2
Let i(t) = 2*t**3 + 3*t**2 - 4*t - 4. Let y be i(-4). Let z = y - -141. Calculate the remainder when z is divided by 26.
21
Let b(n) = -n**2 + 10*n + 14. Let a(w) = 3*w**2 - 29*w - 41. Let f(i) = 4*a(i) + 11*b(i). Calculate the remainder when 7 is divided by f(8).
1
Let w be 454/(-2) - 39/(-13). Let m = w + 501. Calculate the remainder when m is divided by 28.
25
Suppose -j = -3*k + 29, 38 - 13 = -j - k. Let a = -16 - j. Let x = -757 - -764. What is the remainder when a is divided by x?
3
Let x = 56 - 86. Let p = 90 + x. Calculate the remainder when p is divided by 21.
18
Calculate the remainder when 204 is divided by (-15 - -14)/((14/50)/(-7)).
4
Suppose -3*c - 12 = 0, -3*c - 20 - 42 = -5*n. What is the remainder when 99 is divided by n?
9
Suppose 0 = 4*j + 4*d - 25 - 79, -5*d + 42 = j. What is the remainder when 20 is divided by (-10 + 13)/(6/j)?
9
Let b(k) = -2*k**2 + 7*k + 8. Let s(i) = -2*i**2 + 7*i + 7. Let q(u) = -7*b(u) + 6*s(u). What is the remainder when 23 is divided by q(-2)?
7
Suppose -3*t + 586 = 5*b - 2*t, 5*b + 3*t - 588 = 0. Let v(p) = 318*p + 1278. Calculate the remainder when b is divided by v(-4).
3
Suppose 2*u - 24 = u. Suppose 71 = 5*l + 33*x - 34*x, 0 = 5*x + 30. What is the remainder when u is divided by l?
11
Let t be (5/4)/((-6)/24). What is the remainder when (-2 - 5 - t) + (1 - -8) is divided by 5?
2
Suppose 202 = 3*v + 5*s + 63, -4*s - 122 = -2*v. What is the remainder when 155 is divided by v?
49
Let s(n) = 5*n**2. Calculate the remainder when (2 - (-130)/20) + 2/(-4) is divided by s(-1).
3
Suppose -4*n - c = -0*c + 220, 5*c - 188 = 3*n. Let z = 20 - 1. What is the remainder when 256/7 + (-24)/n is divided by z?
18
Suppose -z + 20 = 3*d - 4, 2*z = 4*d + 28. Calculate the remainder when z is divided by 4/(16/(-280)*-7).
8
Suppose -h = -5*m - 4, 2*m - 58 = -5*h + 16. Suppose h*r - 26*r + 1788 = 0. What is the remainder when r is divided by 52?
45
Suppose -r - 3*r + 117 = 3*p, 3*r - 93 = 3*p. Suppose 3*m = 2*g + 52, 3*m + 4*g = -0*g + 22. Let z = 22 - m. What is the remainder when r is divided by z?
6
Let h(j) = j**2 + 3*j - 35. Let g be h(-8). Suppose -g*n = -173 + 38. Calculate the remainder when n is divided by 12.
3
Let t = 12 + -19. Let m = 15 + t. What is the remainder when 26 - 1 - (2 + 0) is divided by m?
7
Let z(p) = 47*p - 208. Calculate the remainder when z(10) is divided by 44.
42
Suppose 21 = 3*j - 3*n - 0*n, -2*j - n + 2 = 0. Suppose -66 = -j*x - 9. What is the remainder when x is divided by 7?
5
Suppose 2*n + 2*u = -0*u - 66, 0 = -5*n + 2*u - 200. Let o be (-72)/n - 4/(-38). Suppose o*p = -0*p + 8. What is the remainder when 14 is divided by p?
2
Calculate the remainder when 711 is divided by (-1246)/(-35)*(-20)/(-8).
88
Calculate the remainder when (-5)/30 - 7/((-126)/939) is divided by 23.
6
Calculate the remainder when (-9)/((27/42)/(-3)) is divided by ((-3)/6 - 0)/((-2)/36).
6
Let d(o) = 4*o - 17. Suppose 4 = -a + 2. Calculate the remainder when a/4*6 + 11 is divided by d(5).
2
Let c = 169 - 165. Suppose -3*f + 5*d = -f - 20, c*f - 40 = 5*d. Calculate the remainder when 46 is divided by f.
6
Let h(r) = 2*r**3 - 4*r**2 + 4*r - 6. Suppose -3*n = -5*u + 1, -3*u - u = 4*n - 20. Calculate the remainder when 93 is divided by h(n).
21
Let h = -2686 - -3120. Calculate the remainder when h is divided by 40.
34
Suppose -6 = 5*u - 21. Let w(d) = -1 - 4*d**3 - 2*d**2 - 5*d**3 - 2*d + u*d**3. Calculate the remainder when 17 is divided by w(-1).
2
Let r(a) = 4*a - 85. What is the remainder when 262 is divided by r(24)?
9
Let r(y) = -y**3 + 24*y**2 - 28*y + 116. What is the remainder when r(22) is divided by 67?
66
Let j(n) = -n**2 - 11*n + 10. Let i(w) = -w + 16. Let k be i(13). Suppose -k*m + 305 = 74. What is the remainder when m is divided by j(-10)?
17
Suppose b = n + 133, -12*n + 16*n = -b + 148. What is the remainder when b is divided by 20?
16
Suppose r + 135 = -3*q, -4*q + 417 = -3*r - q. Let h = r + 159. What is the remainder when 34 is divided by h?
13
Suppose -4*r + 70 = -5*n, -2*n = 3*r + n - 66. Calculate the remainder when (2 - (0 + 54))*(-5)/r is divided by 8.
5
Suppose 1354 + 17456 = 22*a. Calculate the remainder when a is divided by 11.
8
Suppose -43 = -5*c + 3*a, 2*c + c + 2*a = 41. Let n = 65 - 38. Suppose -5*h + n = -8. What is the remainder when c is divided by h?
4
Let i(r) = -r**3 + r**2 + 12*r + 16. Calculate the remainder when i(-5) is divided by 54.
52
Let v be (-2 - -5) + -6 + 253. S